 divisor of 1205 and 180?
5
Calculate the highest common factor of 91 and 65.
13
What is the highest common factor of 25 and 55?
5
Calculate the greatest common divisor of 891 and 319.
11
What is the highest common divisor of 158 and 2054?
158
Calculate the greatest common divisor of 29653 and 13.
13
What is the highest common divisor of 155 and 403?
31
Calculate the greatest common factor of 16 and 368.
16
Calculate the greatest common divisor of 8 and 426.
2
Calculate the highest common divisor of 85 and 32215.
85
Calculate the greatest common divisor of 300 and 2340.
60
Calculate the greatest common divisor of 369 and 9.
9
Calculate the greatest common divisor of 170 and 10.
10
Calculate the greatest common factor of 114 and 969.
57
What is the highest common factor of 51 and 3111?
51
What is the greatest common factor of 680 and 400?
40
What is the greatest common factor of 18 and 153?
9
What is the greatest common factor of 440 and 1045?
55
Calculate the greatest common divisor of 9105 and 45.
15
Calculate the highest common divisor of 12 and 60.
12
Calculate the greatest common factor of 125 and 1525.
25
What is the highest common divisor of 32 and 228?
4
What is the highest common factor of 64 and 448?
64
What is the greatest common divisor of 6 and 8?
2
What is the highest common divisor of 2699 and 2?
1
What is the highest common factor of 17 and 10?
1
Calculate the greatest common factor of 385 and 121.
11
What is the greatest common divisor of 196 and 49?
49
Calculate the highest common divisor of 188 and 188.
188
Calculate the greatest common divisor of 351 and 1651.
13
Calculate the highest common divisor of 150 and 375.
75
What is the highest common factor of 20188 and 392?
196
Calculate the greatest common divisor of 12 and 160.
4
What is the greatest common factor of 123 and 6?
3
What is the greatest common factor of 128 and 424?
8
What is the greatest common factor of 117 and 9?
9
What is the highest common divisor of 38 and 266?
38
Calculate the greatest common divisor of 304 and 8.
8
What is the highest common divisor of 13 and 767?
13
What is the greatest common divisor of 234 and 18?
18
Calculate the highest common factor of 30 and 140.
10
Calculate the highest common factor of 64 and 512.
64
What is the highest common divisor of 1444 and 988?
76
What is the highest common factor of 80 and 96?
16
What is the highest common factor of 264 and 60?
12
Calculate the highest common factor of 1387 and 219.
73
Calculate the highest common divisor of 2350 and 2115.
235
Calculate the greatest common divisor of 513 and 494.
19
What is the greatest common divisor of 49 and 28?
7
Calculate the highest common factor of 27 and 129.
3
What is the greatest common factor of 4 and 764?
4
What is the greatest common factor of 48 and 636?
12
What is the highest common factor of 65 and 40?
5
Calculate the highest common factor of 21 and 156.
3
What is the highest common divisor of 1960 and 80?
40
Calculate the greatest common divisor of 4849 and 52.
13
Calculate the highest common divisor of 1169 and 7.
7
Calculate the highest common divisor of 9 and 72.
9
What is the greatest common factor of 13 and 6123?
13
What is the highest common divisor of 561 and 1408?
11
What is the greatest common factor of 680 and 4040?
40
What is the greatest common divisor of 1324 and 4?
4
Calculate the greatest common factor of 713 and 115.
23
What is the greatest common factor of 13 and 52?
13
Calculate the greatest common factor of 192 and 330.
6
Calculate the greatest common divisor of 58 and 4118.
58
What is the greatest common divisor of 40 and 110?
10
Calculate the highest common divisor of 8 and 64.
8
Calculate the highest common divisor of 176 and 144.
16
Calculate the highest common divisor of 150 and 3.
3
What is the greatest common factor of 576 and 24?
24
Calculate the highest common factor of 539 and 49.
49
Calculate the greatest common factor of 690 and 30.
30
What is the greatest common factor of 567 and 147?
21
Calculate the greatest common divisor of 286 and 1573.
143
Calculate the greatest common factor of 26327 and 14.
7
What is the greatest common divisor of 452 and 113?
113
What is the greatest common factor of 256 and 32?
32
Calculate the greatest common factor of 36 and 28.
4
Calculate the greatest common divisor of 13 and 2327.
13
What is the greatest common factor of 4 and 52?
4
What is the highest common divisor of 18 and 9855?
9
What is the greatest common divisor of 1180 and 140?
20
Calculate the highest common divisor of 440 and 760.
40
Calculate the highest common factor of 54 and 1566.
54
What is the greatest common factor of 364 and 156?
52
Calculate the highest common divisor of 2052 and 152.
76
What is the highest common factor of 178 and 27590?
178
Calculate the highest common divisor of 20375 and 163.
163
What is the greatest common factor of 635 and 255?
5
Calculate the highest common divisor of 528 and 80.
16
What is the highest common factor of 70 and 112?
14
What is the highest common divisor of 12222 and 378?
126
What is the highest common divisor of 1505 and 35?
35
What is the greatest common factor of 18 and 120?
6
What is the highest common factor of 465 and 1581?
93
Calculate the highest common divisor of 2124 and 24.
12
Calculate the highest common factor of 19 and 171.
19
What is the greatest common divisor of 442 and 182?
26
Calculate the greatest common factor of 116 and 11136.
116
Calculate the greatest common factor of 93 and 3.
3
What is the highest common divisor of 15 and 2595?
15
Calculate the highest common divisor of 1 and 34.
1
Calculate the highest common factor of 236 and 2124.
236
Calculate the highest common divisor of 40 and 4430.
10
What is the highest common divisor of 791 and 8249?
113
What is the greatest common divisor of 351 and 297?
27
What is the highest common factor of 5 and 9410?
5
What is the greatest common divisor of 623 and 89?
89
Calculate the greatest common divisor of 1251 and 139.
139
What is the greatest common divisor of 8 and 6800?
8
What is the greatest common divisor of 88 and 913?
11
Calculate the highest common factor of 21 and 567.
21
Calculate the greatest common factor of 700 and 1120.
140
Calculate the highest common factor of 16 and 144.
16
Calculate the highest common divisor of 15 and 2505.
15
What is the greatest common factor of 73 and 4?
1
What is the greatest common divisor of 118 and 56168?
118
What is the highest common factor of 545 and 1199?
109
What is the highest common factor of 22500 and 72?
36
Calculate the greatest common factor of 10 and 4870.
10
Calculate the highest common factor of 26 and 416.
26
Calculate the highest common divisor of 550 and 22.
22
What is the highest common factor of 3108 and 592?
148
Calculate the highest common factor of 40270 and 30.
10
What is the highest common factor of 80 and 2960?
80
What is the highest common divisor of 3791 and 446?
223
What is the highest common divisor of 55 and 25?
5
What is the greatest common divisor of 1443 and 143?
13
Calculate the greatest common divisor of 48 and 159.
3
Calculate the greatest common divisor of 104 and 3627.
13
Calculate the greatest common divisor of 770 and 2222.
22
What is the greatest common divisor of 11494 and 14?
14
What is the highest common divisor of 192 and 4584?
24
Calculate the greatest common factor of 416 and 481.
13
What is the highest common divisor of 45 and 8145?
45
What is the greatest common factor of 3674 and 66?
22
What is the highest common factor of 48 and 232?
8
Calculate the highest common factor of 28 and 7028.
28
What is the greatest common factor of 987 and 231?
21
Calculate the greatest common factor of 1408 and 11.
11
What is the highest common divisor of 561 and 527?
17
Calculate the highest common factor of 6732 and 33.
33
What is the highest common divisor of 144 and 15696?
144
Calculate the highest common factor of 28 and 308.
28
Calculate the greatest common factor of 13986 and 42.
42
What is the highest common divisor of 21 and 5061?
21
Calculate the greatest common divisor of 14 and 10.
2
What is the greatest common factor of 52 and 3250?
26
What is the greatest common divisor of 105 and 35?
35
What is the greatest common divisor of 2352 